{"id":358,"date":"2024-04-03T10:56:14","date_gmt":"2024-04-03T10:56:14","guid":{"rendered":"https:\/\/feuerwehr.semmenstedt.net\/?page_id=358"},"modified":"2024-04-03T11:23:03","modified_gmt":"2024-04-03T11:23:03","slug":"ausbildung","status":"publish","type":"page","link":"https:\/\/feuerwehr.semmenstedt.net\/?page_id=358","title":{"rendered":"Ausbildung"},"content":{"rendered":"\t\t<div data-elementor-type=\"wp-page\" data-elementor-id=\"358\" class=\"elementor elementor-358\">\n\t\t\t\t<div class=\"elementor-element elementor-element-ea44101 e-flex e-con-boxed e-con e-parent\" data-id=\"ea44101\" data-element_type=\"container\" data-e-type=\"container\" data-settings=\"{&quot;background_background&quot;:&quot;classic&quot;}\">\n\t\t\t\t\t<div class=\"e-con-inner\">\n\t\t\t\t<div class=\"elementor-element elementor-element-51b76da elementor-widget elementor-widget-spacer\" data-id=\"51b76da\" data-element_type=\"widget\" data-e-type=\"widget\" data-widget_type=\"spacer.default\">\n\t\t\t\t<div class=\"elementor-widget-container\">\n\t\t\t\t\t\t\t<div class=\"elementor-spacer\">\n\t\t\t<div class=\"elementor-spacer-inner\"><\/div>\n\t\t<\/div>\n\t\t\t\t\t\t<\/div>\n\t\t\t\t<\/div>\n\t\t\t\t<div class=\"elementor-element elementor-element-a66ed1d elementor-widget elementor-widget-heading\" data-id=\"a66ed1d\" data-element_type=\"widget\" data-e-type=\"widget\" data-widget_type=\"heading.default\">\n\t\t\t\t<div class=\"elementor-widget-container\">\n\t\t\t\t\t<h2 class=\"elementor-heading-title elementor-size-default\">Ausbildung<\/h2>\t\t\t\t<\/div>\n\t\t\t\t<\/div>\n\t\t\t\t<div class=\"elementor-element elementor-element-8e39591 elementor-widget elementor-widget-spacer\" data-id=\"8e39591\" data-element_type=\"widget\" data-e-type=\"widget\" data-widget_type=\"spacer.default\">\n\t\t\t\t<div class=\"elementor-widget-container\">\n\t\t\t\t\t\t\t<div class=\"elementor-spacer\">\n\t\t\t<div class=\"elementor-spacer-inner\"><\/div>\n\t\t<\/div>\n\t\t\t\t\t\t<\/div>\n\t\t\t\t<\/div>\n\t\t\t\t\t<\/div>\n\t\t\t\t<\/div>\n\t\t<div class=\"elementor-element elementor-element-a64510c e-flex e-con-boxed e-con e-parent\" data-id=\"a64510c\" data-element_type=\"container\" data-e-type=\"container\">\n\t\t\t\t\t<div class=\"e-con-inner\">\n\t\t\t\t<div class=\"elementor-element elementor-element-2780731 elementor-widget elementor-widget-heading\" data-id=\"2780731\" data-element_type=\"widget\" data-e-type=\"widget\" data-widget_type=\"heading.default\">\n\t\t\t\t<div class=\"elementor-widget-container\">\n\t\t\t\t\t<h3 class=\"elementor-heading-title elementor-size-default\">Unsere Ausbildung<\/h3>\t\t\t\t<\/div>\n\t\t\t\t<\/div>\n\t\t\t\t<div class=\"elementor-element elementor-element-8c17878 elementor-widget elementor-widget-text-editor\" data-id=\"8c17878\" data-element_type=\"widget\" data-e-type=\"widget\" data-widget_type=\"text-editor.default\">\n\t\t\t\t<div class=\"elementor-widget-container\">\n\t\t\t\t\t\t\t\t\t<p style=\"font-weight: 400;\">Die Ausbildung ist das Fundament unserer Feuerwehr. Sie bildet das R\u00fcckgrat unserer Einsatzbereitschaft und erm\u00f6glicht es uns, in Notf\u00e4llen schnell und effektiv zu handeln. Dabei legen wir gro\u00dfen Wert auf eine umfassende und praxisnahe Ausbildung unserer Mitglieder.<\/p><p style=\"font-weight: 400;\">Unsere Feuerwehrkameraden durchlaufen ein strukturiertes Ausbildungsprogramm, welches in enger Zusammenarbeit mit anderen Feuerwehren auf Samtgemeindeebene stattfindet. Dies erm\u00f6glicht einen regen Austausch von Erfahrungen und Wissen sowie eine effiziente Nutzung von Ressourcen.<\/p><p style=\"font-weight: 400;\">Angefangen bei den grundlegenden Kenntnissen in der Brandbek\u00e4mpfung und technischen Hilfeleistung bis hin zu spezialisierten Aufgabenbereichen werden unsere Mitglieder umfassend geschult.<\/p><p style=\"font-weight: 400;\">Die Ausbildung erfolgt sowohl theoretisch als auch praktisch. In regelm\u00e4\u00dfigen Schulungen und \u00dcbungen vertiefen wir unser Wissen und trainieren den Umgang mit unserer Ausr\u00fcstung. Dabei legen wir gro\u00dfen Wert auf Realismus, um im Ernstfall optimal vorbereitet zu sein.<\/p><p style=\"font-weight: 400;\">Auch die Weiterbildung unserer Mitglieder ist uns ein wichtiges Anliegen. Durch Fortbildungen und Lehrg\u00e4nge halten wir uns stets auf dem neuesten Stand der Technik und der Einsatztaktik. So k\u00f6nnen wir sicherstellen, dass wir auch zuk\u00fcnftig professionell und effektiv Hilfe leisten k\u00f6nnen.<\/p><p style=\"font-weight: 400;\">Die Ausbildung ist ein kontinuierlicher Prozess, der nie endet. Wir sind stolz auf das Engagement unserer Mitglieder und die hohe Qualit\u00e4t unserer Ausbildung. Denn nur so k\u00f6nnen wir unserer Verpflichtung nachkommen, Menschen in Not zu helfen und die Sicherheit unserer Gemeinde zu gew\u00e4hrleisten.<\/p>\t\t\t\t\t\t\t\t<\/div>\n\t\t\t\t<\/div>\n\t\t\t\t\t<\/div>\n\t\t\t\t<\/div>\n\t\t\t\t<\/div>\n\t\t","protected":false},"excerpt":{"rendered":"<p>Ausbildung Unsere Ausbildung Die Ausbildung ist das Fundament unserer Feuerwehr. Sie bildet das R\u00fcckgrat unserer Einsatzbereitschaft und erm\u00f6glicht es uns, [&hellip;]<\/p>\n","protected":false},"author":2,"featured_media":0,"parent":47,"menu_order":0,"comment_status":"closed","ping_status":"closed","template":"","meta":{"site-sidebar-layout":"no-sidebar","site-content-layout":"","ast-site-content-layout":"full-width-container","site-content-style":"default","site-sidebar-style":"default","ast-global-header-display":"","ast-banner-title-visibility":"","ast-main-header-display":"","ast-hfb-above-header-display":"","ast-hfb-below-header-display":"","ast-hfb-mobile-header-display":"","site-post-title":"disabled","ast-breadcrumbs-content":"","ast-featured-img":"disabled","footer-sml-layout":"","ast-disable-related-posts":"","theme-transparent-header-meta":"","adv-header-id-meta":"","stick-header-meta":"","header-above-stick-meta":"","header-main-stick-meta":"","header-below-stick-meta":"","astra-migrate-meta-layouts":"default","ast-page-background-enabled":"default","ast-page-background-meta":{"desktop":{"background-color":"var(--ast-global-color-4)","background-image":"","background-repeat":"repeat","background-position":"center center","background-size":"auto","background-attachment":"scroll","background-type":"","background-media":"","overlay-type":"","overlay-color":"","overlay-opacity":"","overlay-gradient":""},"tablet":{"background-color":"","background-image":"","background-repeat":"repeat","background-position":"center center","background-size":"auto","background-attachment":"scroll","background-type":"","background-media":"","overlay-type":"","overlay-color":"","overlay-opacity":"","overlay-gradient":""},"mobile":{"background-color":"","background-image":"","background-repeat":"repeat","background-position":"center center","background-size":"auto","background-attachment":"scroll","background-type":"","background-media":"","overlay-type":"","overlay-color":"","overlay-opacity":"","overlay-gradient":""}},"ast-content-background-meta":{"desktop":{"background-color":"var(--ast-global-color-5)","background-image":"","background-repeat":"repeat","background-position":"center center","background-size":"auto","background-attachment":"scroll","background-type":"","background-media":"","overlay-type":"","overlay-color":"","overlay-opacity":"","overlay-gradient":""},"tablet":{"background-color":"var(--ast-global-color-5)","background-image":"","background-repeat":"repeat","background-position":"center center","background-size":"auto","background-attachment":"scroll","background-type":"","background-media":"","overlay-type":"","overlay-color":"","overlay-opacity":"","overlay-gradient":""},"mobile":{"background-color":"var(--ast-global-color-5)","background-image":"","background-repeat":"repeat","background-position":"center center","background-size":"auto","background-attachment":"scroll","background-type":"","background-media":"","overlay-type":"","overlay-color":"","overlay-opacity":"","overlay-gradient":""}},"footnotes":""},"class_list":["post-358","page","type-page","status-publish","hentry"],"_links":{"self":[{"href":"https:\/\/feuerwehr.semmenstedt.net\/index.php?rest_route=\/wp\/v2\/pages\/358","targetHints":{"allow":["GET"]}}],"collection":[{"href":"https:\/\/feuerwehr.semmenstedt.net\/index.php?rest_route=\/wp\/v2\/pages"}],"about":[{"href":"https:\/\/feuerwehr.semmenstedt.net\/index.php?rest_route=\/wp\/v2\/types\/page"}],"author":[{"embeddable":true,"href":"https:\/\/feuerwehr.semmenstedt.net\/index.php?rest_route=\/wp\/v2\/users\/2"}],"replies":[{"embeddable":true,"href":"https:\/\/feuerwehr.semmenstedt.net\/index.php?rest_route=%2Fwp%2Fv2%2Fcomments&post=358"}],"version-history":[{"count":16,"href":"https:\/\/feuerwehr.semmenstedt.net\/index.php?rest_route=\/wp\/v2\/pages\/358\/revisions"}],"predecessor-version":[{"id":377,"href":"https:\/\/feuerwehr.semmenstedt.net\/index.php?rest_route=\/wp\/v2\/pages\/358\/revisions\/377"}],"up":[{"embeddable":true,"href":"https:\/\/feuerwehr.semmenstedt.net\/index.php?rest_route=\/wp\/v2\/pages\/47"}],"wp:attachment":[{"href":"https:\/\/feuerwehr.semmenstedt.net\/index.php?rest_route=%2Fwp%2Fv2%2Fmedia&parent=358"}],"curies":[{"name":"wp","href":"https:\/\/api.w.org\/{rel}","templated":true}]}}

<div data-elementor-type="wp-page" data-elementor-id="358" class="elementor elementor-358">
				<div class="elementor-element elementor-element-ea44101 e-flex e-con-boxed e-con e-parent" data-id="ea44101" data-element_type="container" data-e-type="container" data-settings="{&quot;background_background&quot;:&quot;classic&quot;}">
					<div class="e-con-inner">
				<div class="elementor-element elementor-element-51b76da elementor-widget elementor-widget-spacer" data-id="51b76da" data-element_type="widget" data-e-type="widget" data-widget_type="spacer.default">
				<div class="elementor-widget-container">
							<div class="elementor-spacer">
			<div class="elementor-spacer-inner"></div>
		</div>
						</div>
				</div>
				<div class="elementor-element elementor-element-a66ed1d elementor-widget elementor-widget-heading" data-id="a66ed1d" data-element_type="widget" data-e-type="widget" data-widget_type="heading.default">
				<div class="elementor-widget-container">
					<h2 class="elementor-heading-title elementor-size-default">Ausbildung</h2>				</div>
				</div>
				<div class="elementor-element elementor-element-8e39591 elementor-widget elementor-widget-spacer" data-id="8e39591" data-element_type="widget" data-e-type="widget" data-widget_type="spacer.default">
				<div class="elementor-widget-container">
							<div class="elementor-spacer">
			<div class="elementor-spacer-inner"></div>
		</div>
						</div>
				</div>
					</div>
				</div>
		<div class="elementor-element elementor-element-a64510c e-flex e-con-boxed e-con e-parent" data-id="a64510c" data-element_type="container" data-e-type="container">
					<div class="e-con-inner">
				<div class="elementor-element elementor-element-2780731 elementor-widget elementor-widget-heading" data-id="2780731" data-element_type="widget" data-e-type="widget" data-widget_type="heading.default">
				<div class="elementor-widget-container">
					<h3 class="elementor-heading-title elementor-size-default">Unsere Ausbildung</h3>				</div>
				</div>
				<div class="elementor-element elementor-element-8c17878 elementor-widget elementor-widget-text-editor" data-id="8c17878" data-element_type="widget" data-e-type="widget" data-widget_type="text-editor.default">
				<div class="elementor-widget-container">
									<p style="font-weight: 400;">Die Ausbildung ist das Fundament unserer Feuerwehr. Sie bildet das Rückgrat unserer Einsatzbereitschaft und ermöglicht es uns, in Notfällen schnell und effektiv zu handeln. Dabei legen wir großen Wert auf eine umfassende und praxisnahe Ausbildung unserer Mitglieder.</p><p style="font-weight: 400;">Unsere Feuerwehrkameraden durchlaufen ein strukturiertes Ausbildungsprogramm, welches in enger Zusammenarbeit mit anderen Feuerwehren auf Samtgemeindeebene stattfindet. Dies ermöglicht einen regen Austausch von Erfahrungen und Wissen sowie eine effiziente Nutzung von Ressourcen.</p><p style="font-weight: 400;">Angefangen bei den grundlegenden Kenntnissen in der Brandbekämpfung und technischen Hilfeleistung bis hin zu spezialisierten Aufgabenbereichen werden unsere Mitglieder umfassend geschult.</p><p style="font-weight: 400;">Die Ausbildung erfolgt sowohl theoretisch als auch praktisch. In regelmäßigen Schulungen und Übungen vertiefen wir unser Wissen und trainieren den Umgang mit unserer Ausrüstung. Dabei legen wir großen Wert auf Realismus, um im Ernstfall optimal vorbereitet zu sein.</p><p style="font-weight: 400;">Auch die Weiterbildung unserer Mitglieder ist uns ein wichtiges Anliegen. Durch Fortbildungen und Lehrgänge halten wir uns stets auf dem neuesten Stand der Technik und der Einsatztaktik. So können wir sicherstellen, dass wir auch zukünftig professionell und effektiv Hilfe leisten können.</p><p style="font-weight: 400;">Die Ausbildung ist ein kontinuierlicher Prozess, der nie endet. Wir sind stolz auf das Engagement unserer Mitglieder und die hohe Qualität unserer Ausbildung. Denn nur so können wir unserer Verpflichtung nachkommen, Menschen in Not zu helfen und die Sicherheit unserer Gemeinde zu gewährleisten.</p>								</div>
				</div>
					</div>
				</div>
				</div>

<p>Ausbildung Unsere Ausbildung Die Ausbildung ist das Fundament unserer Feuerwehr. Sie bildet das Rückgrat unserer Einsatzbereitschaft und ermöglicht es uns, [&hellip;]</p>
